{"id":3,"date":"2025-05-20T15:38:57","date_gmt":"2025-05-20T13:38:57","guid":{"rendered":"https:\/\/zahnarzt-kuhn.de\/?page_id=3"},"modified":"2025-05-21T08:36:08","modified_gmt":"2025-05-21T06:36:08","slug":"datenschutzerklaerung","status":"publish","type":"page","link":"https:\/\/zahnarzt-kuhn.de\/?page_id=3","title":{"rendered":"Datenschutzerkl\u00e4rung"},"content":{"rendered":"\t\t<div data-elementor-type=\"wp-page\" data-elementor-id=\"3\" class=\"elementor elementor-3\">\n\t\t\t\t<div class=\"elementor-element elementor-element-35d61b7d e-flex e-con-boxed e-con e-parent\" data-id=\"35d61b7d\" data-element_type=\"container\">\n\t\t\t\t\t<div class=\"e-con-inner\">\n\t\t\t\t<div class=\"elementor-element elementor-element-2bcd1ea0 elementor-widget elementor-widget-text-editor\" data-id=\"2bcd1ea0\" data-element_type=\"widget\" data-widget_type=\"text-editor.default\">\n\t\t\t\t<div class=\"elementor-widget-container\">\n\t\t\t\t\t\t\t\t\t<p><strong>Informationen \u00fcber die Erhebung personenbezogener Daten auf unserer Webseite<\/strong><\/p>\n<p>Sehr geehrter Besucher unserer Webseite,<\/p>\n<p>wir m\u00f6chten Sie dar\u00fcber informieren, dass beim Besuch unserer Webseite personenbezogene Daten erhoben werden. Personenbezogen sind Daten, die auf sie pers\u00f6nlich beziehbar sind (z. B. Name, E-Mail, Nutzerverhalten).<\/p>\n<p>Verantwortlich f\u00fcr die Erhebung und Speicherung der Daten ist<\/p>\n<p>Dr. med. dent. Achim Kuhn, Amstetterstrasse 26, 70329 Stuttgart, Tel.: 0711 \u2013 420 90 99<\/p>\n<p>E-Mail: Achim.Kuhn\u00c4TTt-online.de<\/p>\n<p>Unserer Webseite dient ausschlie\u00dflich der Bereitstellung von Informationen \u00fcber unsere Praxis, unser Behandlungsspektrum und therapeutische M\u00f6glichkeiten bei verschiedenen Erkrankungen. Beim Besuch unserer Webseite werden nur die Daten erhoben, die von ihrem Browser an unseren Server \u00fcbermittelt werden. Diese Daten sind notwendig, damit sie unsere Webseite angezeigt bekommen und auf ihr navigieren k\u00f6nnen. Rechtsgrundlage f\u00fcr die Erhebung der Daten ist Art. 6 Abs. 1 f) EU-Datenschutz-Grundverordnung. Im Einzelnen werden folgende Daten beim Besuch unserer Webseite erhoben:<\/p>\n<ul>\n<li>P-Adresse<\/li>\n<li>Art des Browsers, sowie dessen Sprache und Version<\/li>\n<li>Betriebssystem<\/li>\n<li>Zugriffstatus\/http-Statuscode<\/li>\n<li>Datum und Uhrzeit der Anfrage, sowie die Zeitzone<\/li>\n<li>Inhalt der Anforderung und Webseite von der sie kommt<\/li>\n<li>\u00dcbertragene Datenmenge<\/li>\n<\/ul>\n<p>Die L\u00f6schung dieser Daten erfolgt, wenn diese nicht mehr erforderlich sind.<\/p>\n<p><strong>Ihre Rechte<\/strong><\/p>\n<p>Sie haben uns gegen\u00fcber folgende Rechte, hinsichtlich <strong>der bei uns<\/strong> \u00fcber Sie gespeicherten Daten:<\/p>\n<ul class=\"wp-block-list\">\n<li>Recht auf Berichtigung und L\u00f6schung<\/li>\n<li>Recht auf Auskunft<\/li>\n<li>Recht auf Einschr\u00e4nkung der Verarbeitung<\/li>\n<li>Recht auf Daten\u00fcbertragbarkeit<\/li>\n<li>Recht auf Widerspruch gegen die Verarbeitung<\/li>\n<\/ul>\n<p>Ihnen steht weiterhin ein Beschwerderecht beim Landesbeauftragten f\u00fcr den Datenschutz und die Informationsfreiheit in Baden-W\u00fcrttemberg zu.<\/p>\n<p><strong>Cookies (werden momentan nicht ben\u00fctzt)<\/strong><\/p>\n<p>Zus\u00e4tzlich zu diesen Daten nutzen wir \u00fcber unsere Webseite auch Cookies. Dies sind kleine Textprogramme, die nach Besuch unserer Webseite auf ihrem Rechner (in ihrem Browser) gespeichert werden. Sollten sie unsere Webseite danach erneut besuchen, so sendet der von ihnen genutzte Browser die in dem Cookie gespeicherten Informationen an unsere Webseite und kann ihnen so bspw. die Navigation erleichtern, weil Voreinstellungen \u00fcbernommen werden. Cookies sind keine Viren, und k\u00f6nnen auch keine Schadsoftware auf dem Computer installieren. Sie sind nur kurze Texte, die zwischen Webserver und Browser ausgetauscht werden. Auf unserer Webseite werden folgende Arten von Cookies verwendet:<\/p>\n<ul class=\"wp-block-list\">\n<li>Transiente Cookies (tempor\u00e4re Cookies)<\/li>\n<\/ul>\n<p>\u00a0\u00a0\u00a0\u00a0 Diese Cookies werden nur f\u00fcr den Zeitraum der Nutzung ihres Browsers gespeichert. Diese speichern eine sogenannte Session-ID, mit welcher sich verschiedene Anfragen Ihres Browsers der gemeinsamen Sitzung zuordnen lassen. Dadurch kann Ihr Rechner wiedererkannt werden, wenn Sie auf die Webseite zur\u00fcckkehren. Sobald sie den Browser schlie\u00dfen, werden auch diese Cookies automatisch gel\u00f6scht.<\/p>\n<ul class=\"wp-block-list\">\n<li>Persistente Cookies (zeitlich beschr\u00e4nkte Cookies)<\/li>\n<\/ul>\n<p>Diese Cookies unterscheiden sich von den Transienten Cookies lediglich dadurch, dass sie beim Schlie\u00dfen des Browsers nicht automatisch gel\u00f6scht werden, sondern erst nach einer voreingestellten Zeit. Sie k\u00f6nnen diese Cookies jedoch jederzeit \u00fcber die Einstellungen ihres Browsers l\u00f6schen.<\/p>\n<p>Grunds\u00e4tzlich k\u00f6nnen sie die Einstellungen ihres Browsers so konfigurieren, dass Cookies gar nicht oder nur eingeschr\u00e4nkt von diesem angenommen und gespeichert werden. Wenn sie von dieser M\u00f6glichkeit Gebrauch machen, kann es jedoch zu Einschr\u00e4nkungen bei der Nutzbarkeit unserer Webseite kommen.<\/p>\n<p><strong>Kontaktformular (fehlt momentan)<\/strong><\/p>\n<p>Wenn Sie uns per Kontaktformular Terminw\u00fcnsche oder Anfragen zukommen lassen, werden die von Ihnen mitgeteilten Daten (E-Mail-Adresse, Name, Telefonnummer) gespeichert, um Ihre Fragen beantworten zu k\u00f6nnen. Diese Daten werden gel\u00f6scht, sobald sie nicht mehr ben\u00f6tigt werden und keine gesetzlichen Aufbewahrungspflichten bestehen. Dritten werden diese Daten nicht zug\u00e4nglich gemacht.<\/p>\n<p><strong>Google Maps<\/strong><\/p>\n<p>Unsere Webseite benutzt Google Maps zur Darstellung von Karten und zur Erstellung von Anfahrtspl\u00e4nen.<\/p>\n<p>Google Maps wird von Google Inc., 1600 Amphitheatre Parkway, Mountain View, CA 94043, USA betrieben.<\/p>\n<p>Durch den Besuch auf der Webseite erh\u00e4lt Google Informationen dar\u00fcber, dass Sie die entsprechende Seite unseres Webauftrittes aufgerufen haben. Dies erfolgt auch unabh\u00e4ngig davon, ob sie ein Nutzerkonto bei Google haben oder \u00fcber dieses eingeloggt sind. F\u00fcr den\u00a0 Fall, dass sie w\u00e4hrend der Nutzung der Webseite \u00fcber ein Nutzerkonto von Google eingeloggt sind, werden die Daten direkt ihrem Benutzerkonto zugeordnet. Wenn Sie dies nicht w\u00fcnschen, so m\u00fcssen Sie sich vor Nutzung des Dienstes ausloggen.<\/p>\n<p>Durch die Nutzung von Google Maps erkl\u00e4ren Sie sich mit der Erfassung, Bearbeitung sowie der Nutzung der automatisch erhobenen sowie der von Ihnen eingegeben Daten durch Google und ggf. von Drittanbieter einverstanden. Die Nutzungsbedingungen f\u00fcr Google Maps finden Sie unter\u00a0<a href=\"https:\/\/web.archive.org\/web\/20250121122155\/http:\/\/www.google.com\/intl\/de_de\/help\/terms_maps.html\">Nutzungsbedingungen f\u00fcr Google Maps<\/a>. Ausf\u00fchrliche Details finden Sie unter google.de:\u00a0<a href=\"https:\/\/web.archive.org\/web\/20250121122155\/http:\/\/www.google.de\/intl\/de\/privacy\/\">Transparenz und Wahlm\u00f6glichkeiten<\/a>\u00a0sowie\u00a0<a href=\"https:\/\/web.archive.org\/web\/20250121122155\/http:\/\/www.google.de\/intl\/de\/privacy\/privacy-policy.html\">Datenschutzbestimmungen<\/a>. Das Ihnen zustehende Widerspruchsrecht m\u00fcssen Sie direkt gegen\u00fcber Google aus\u00fcben. \u00dcber Ihre Browsereinstellungen k\u00f6nnen Sie den Google Maps-Dienst deaktivieren (Deaktivierung des JavaScripts im Browser). Eine Nutzung ist dann nicht mehr m\u00f6glich.<\/p>\t\t\t\t\t\t\t\t<\/div>\n\t\t\t\t<\/div>\n\t\t\t\t\t<\/div>\n\t\t\t\t<\/div>\n\t\t\t\t<\/div>\n\t\t","protected":false},"excerpt":{"rendered":"<p>Informationen \u00fcber die Erhebung personenbezogener Daten auf unserer Webseite Sehr geehrter Besucher unserer Webseite, wir m\u00f6chten Sie dar\u00fcber informieren, dass beim Besuch unserer Webseite personenbezogene Daten erhoben werden. Personenbezogen sind Daten, die auf sie pers\u00f6nlich beziehbar sind (z. B. Name, E-Mail, Nutzerverhalten). Verantwortlich f\u00fcr die Erhebung und Speicherung der Daten ist Dr. med. dent. Achim [&hellip;]<\/p>\n","protected":false},"author":1,"featured_media":0,"parent":0,"menu_order":0,"comment_status":"closed","ping_status":"open","template":"","meta":{"footnotes":""},"class_list":["post-3","page","type-page","status-publish","hentry","entry"],"_links":{"self":[{"href":"https:\/\/zahnarzt-kuhn.de\/index.php?rest_route=\/wp\/v2\/pages\/3","targetHints":{"allow":["GET"]}}],"collection":[{"href":"https:\/\/zahnarzt-kuhn.de\/index.php?rest_route=\/wp\/v2\/pages"}],"about":[{"href":"https:\/\/zahnarzt-kuhn.de\/index.php?rest_route=\/wp\/v2\/types\/page"}],"author":[{"embeddable":true,"href":"https:\/\/zahnarzt-kuhn.de\/index.php?rest_route=\/wp\/v2\/users\/1"}],"replies":[{"embeddable":true,"href":"https:\/\/zahnarzt-kuhn.de\/index.php?rest_route=%2Fwp%2Fv2%2Fcomments&post=3"}],"version-history":[{"count":4,"href":"https:\/\/zahnarzt-kuhn.de\/index.php?rest_route=\/wp\/v2\/pages\/3\/revisions"}],"predecessor-version":[{"id":69,"href":"https:\/\/zahnarzt-kuhn.de\/index.php?rest_route=\/wp\/v2\/pages\/3\/revisions\/69"}],"wp:attachment":[{"href":"https:\/\/zahnarzt-kuhn.de\/index.php?rest_route=%2Fwp%2Fv2%2Fmedia&parent=3"}],"curies":[{"name":"wp","href":"https:\/\/api.w.org\/{rel}","templated":true}]}}

Datenschutzerklärung

<div data-elementor-type="wp-page" data-elementor-id="3" class="elementor elementor-3">
				<div class="elementor-element elementor-element-35d61b7d e-flex e-con-boxed e-con e-parent" data-id="35d61b7d" data-element_type="container">
					<div class="e-con-inner">
				<div class="elementor-element elementor-element-2bcd1ea0 elementor-widget elementor-widget-text-editor" data-id="2bcd1ea0" data-element_type="widget" data-widget_type="text-editor.default">
				<div class="elementor-widget-container">
									<p><strong>Informationen über die Erhebung personenbezogener Daten auf unserer Webseite</strong></p>
<p>Sehr geehrter Besucher unserer Webseite,</p>
<p>wir möchten Sie darüber informieren, dass beim Besuch unserer Webseite personenbezogene Daten erhoben werden. Personenbezogen sind Daten, die auf sie persönlich beziehbar sind (z. B. Name, E-Mail, Nutzerverhalten).</p>
<p>Verantwortlich für die Erhebung und Speicherung der Daten ist</p>
<p>Dr. med. dent. Achim Kuhn, Amstetterstrasse 26, 70329 Stuttgart, Tel.: 0711 – 420 90 99</p>
<p>E-Mail: Achim.KuhnÄTTt-online.de</p>
<p>Unserer Webseite dient ausschließlich der Bereitstellung von Informationen über unsere Praxis, unser Behandlungsspektrum und therapeutische Möglichkeiten bei verschiedenen Erkrankungen. Beim Besuch unserer Webseite werden nur die Daten erhoben, die von ihrem Browser an unseren Server übermittelt werden. Diese Daten sind notwendig, damit sie unsere Webseite angezeigt bekommen und auf ihr navigieren können. Rechtsgrundlage für die Erhebung der Daten ist Art. 6 Abs. 1 f) EU-Datenschutz-Grundverordnung. Im Einzelnen werden folgende Daten beim Besuch unserer Webseite erhoben:</p>
<ul>
<li>P-Adresse</li>
<li>Art des Browsers, sowie dessen Sprache und Version</li>
<li>Betriebssystem</li>
<li>Zugriffstatus/http-Statuscode</li>
<li>Datum und Uhrzeit der Anfrage, sowie die Zeitzone</li>
<li>Inhalt der Anforderung und Webseite von der sie kommt</li>
<li>Übertragene Datenmenge</li>
</ul>
<p>Die Löschung dieser Daten erfolgt, wenn diese nicht mehr erforderlich sind.</p>
<p><strong>Ihre Rechte</strong></p>
<p>Sie haben uns gegenüber folgende Rechte, hinsichtlich <strong>der bei uns</strong> über Sie gespeicherten Daten:</p>
<ul class="wp-block-list">
<li>Recht auf Berichtigung und Löschung</li>
<li>Recht auf Auskunft</li>
<li>Recht auf Einschränkung der Verarbeitung</li>
<li>Recht auf Datenübertragbarkeit</li>
<li>Recht auf Widerspruch gegen die Verarbeitung</li>
</ul>
<p>Ihnen steht weiterhin ein Beschwerderecht beim Landesbeauftragten für den Datenschutz und die Informationsfreiheit in Baden-Württemberg zu.</p>
<p><strong>Cookies (werden momentan nicht benützt)</strong></p>
<p>Zusätzlich zu diesen Daten nutzen wir über unsere Webseite auch Cookies. Dies sind kleine Textprogramme, die nach Besuch unserer Webseite auf ihrem Rechner (in ihrem Browser) gespeichert werden. Sollten sie unsere Webseite danach erneut besuchen, so sendet der von ihnen genutzte Browser die in dem Cookie gespeicherten Informationen an unsere Webseite und kann ihnen so bspw. die Navigation erleichtern, weil Voreinstellungen übernommen werden. Cookies sind keine Viren, und können auch keine Schadsoftware auf dem Computer installieren. Sie sind nur kurze Texte, die zwischen Webserver und Browser ausgetauscht werden. Auf unserer Webseite werden folgende Arten von Cookies verwendet:</p>
<ul class="wp-block-list">
<li>Transiente Cookies (temporäre Cookies)</li>
</ul>
<p>     Diese Cookies werden nur für den Zeitraum der Nutzung ihres Browsers gespeichert. Diese speichern eine sogenannte Session-ID, mit welcher sich verschiedene Anfragen Ihres Browsers der gemeinsamen Sitzung zuordnen lassen. Dadurch kann Ihr Rechner wiedererkannt werden, wenn Sie auf die Webseite zurückkehren. Sobald sie den Browser schließen, werden auch diese Cookies automatisch gelöscht.</p>
<ul class="wp-block-list">
<li>Persistente Cookies (zeitlich beschränkte Cookies)</li>
</ul>
<p>Diese Cookies unterscheiden sich von den Transienten Cookies lediglich dadurch, dass sie beim Schließen des Browsers nicht automatisch gelöscht werden, sondern erst nach einer voreingestellten Zeit. Sie können diese Cookies jedoch jederzeit über die Einstellungen ihres Browsers löschen.</p>
<p>Grundsätzlich können sie die Einstellungen ihres Browsers so konfigurieren, dass Cookies gar nicht oder nur eingeschränkt von diesem angenommen und gespeichert werden. Wenn sie von dieser Möglichkeit Gebrauch machen, kann es jedoch zu Einschränkungen bei der Nutzbarkeit unserer Webseite kommen.</p>
<p><strong>Kontaktformular (fehlt momentan)</strong></p>
<p>Wenn Sie uns per Kontaktformular Terminwünsche oder Anfragen zukommen lassen, werden die von Ihnen mitgeteilten Daten (E-Mail-Adresse, Name, Telefonnummer) gespeichert, um Ihre Fragen beantworten zu können. Diese Daten werden gelöscht, sobald sie nicht mehr benötigt werden und keine gesetzlichen Aufbewahrungspflichten bestehen. Dritten werden diese Daten nicht zugänglich gemacht.</p>
<p><strong>Google Maps</strong></p>
<p>Unsere Webseite benutzt Google Maps zur Darstellung von Karten und zur Erstellung von Anfahrtsplänen.</p>
<p>Google Maps wird von Google Inc., 1600 Amphitheatre Parkway, Mountain View, CA 94043, USA betrieben.</p>
<p>Durch den Besuch auf der Webseite erhält Google Informationen darüber, dass Sie die entsprechende Seite unseres Webauftrittes aufgerufen haben. Dies erfolgt auch unabhängig davon, ob sie ein Nutzerkonto bei Google haben oder über dieses eingeloggt sind. Für den  Fall, dass sie während der Nutzung der Webseite über ein Nutzerkonto von Google eingeloggt sind, werden die Daten direkt ihrem Benutzerkonto zugeordnet. Wenn Sie dies nicht wünschen, so müssen Sie sich vor Nutzung des Dienstes ausloggen.</p>
<p>Durch die Nutzung von Google Maps erklären Sie sich mit der Erfassung, Bearbeitung sowie der Nutzung der automatisch erhobenen sowie der von Ihnen eingegeben Daten durch Google und ggf. von Drittanbieter einverstanden. Die Nutzungsbedingungen für Google Maps finden Sie unter <a href="https://web.archive.org/web/20250121122155/http://www.google.com/intl/de_de/help/terms_maps.html">Nutzungsbedingungen für Google Maps</a>. Ausführliche Details finden Sie unter google.de: <a href="https://web.archive.org/web/20250121122155/http://www.google.de/intl/de/privacy/">Transparenz und Wahlmöglichkeiten</a> sowie <a href="https://web.archive.org/web/20250121122155/http://www.google.de/intl/de/privacy/privacy-policy.html">Datenschutzbestimmungen</a>. Das Ihnen zustehende Widerspruchsrecht müssen Sie direkt gegenüber Google ausüben. Über Ihre Browsereinstellungen können Sie den Google Maps-Dienst deaktivieren (Deaktivierung des JavaScripts im Browser). Eine Nutzung ist dann nicht mehr möglich.</p>								</div>
				</div>
					</div>
				</div>
				</div>

<p>Informationen über die Erhebung personenbezogener Daten auf unserer Webseite Sehr geehrter Besucher unserer Webseite, wir möchten Sie darüber informieren, dass beim Besuch unserer Webseite personenbezogene Daten erhoben werden. Personenbezogen sind Daten, die auf sie persönlich beziehbar sind (z. B. Name, E-Mail, Nutzerverhalten). Verantwortlich für die Erhebung und Speicherung der Daten ist Dr. med. dent. Achim [&hellip;]</p>
